{"id":6,"date":"2020-02-08T16:33:12","date_gmt":"2020-02-08T15:33:12","guid":{"rendered":"https:\/\/www.ozet.sk\/?page_id=6"},"modified":"2020-03-27T16:42:14","modified_gmt":"2020-03-27T15:42:14","slug":"web","status":"publish","type":"page","link":"https:\/\/www.ozet.sk\/","title":{"rendered":"web"},"content":{"rendered":"<p><a class=\"tcb-logo thrv_wrapper\" href=\"https:\/\/www.ozet.sk\" data-css=\"tve-u-170254bb0f4\" class=\"\"><img decoding=\"async\" src=\"https:\/\/www.ozet.sk\/wp-content\/uploads\/2020\/02\/ozet-logo.png\" height=\"232\" width=\"500\" alt=\"Ob\u010dianske zdru\u017eenie ENVIRO THERMAE\" style=\"\" class=\"tve-not-lazy-loaded\"><\/img><\/a><span><img loading=\"lazy\" decoding=\"async\" alt=\"pozadie\" data-id=\"158\" width=\"1000\" height=\"586\" title=\"\" src=\"https:\/\/www.ozet.sk\/wp-content\/uploads\/2020\/02\/pozadie-webu.jpg\" style=\"\"><\/span><\/p>\n<h2 style=\"text-align: center;\"><strong><span>Cie\u013e a \u010dinnos\u0165<\/span><\/strong><\/h2>\n<p dir=\"ltr\" style=\"text-align: center;\">Pri nap\u013a\u0148an\u00ed cie\u013eov <strong>ob\u010dianskeho zdru\u017eenia ENVIRO THERMAE<\/strong> uskuto\u010d\u0148ujeme a podporujeme najm\u00e4 tieto aktivity:&nbsp;<\/p>\n<h3 style=\"text-align: center;\"><strong>PORADENSTVO<\/strong><\/h3>\n<p>Zlep\u0161enie a rozv\u00edjanie informa\u010dno-poradensk\u00e9ho servisu. Nadv\u00e4zovanie a rozv\u00edjanie kontaktov s dom\u00e1cimi a zahrani\u010dn\u00fdmi organiz\u00e1ciami.<\/p>\n<h3 style=\"text-align: center;\"><strong>PUBLIK\u00c1CIA<\/strong><\/h3>\n<p>Pripravovanie a vyd\u00e1vanie \u00fa\u010delov\u00fdch neziskov\u00fdch publik\u00e1ci\u00ed, bro\u017e\u00far, manu\u00e1lov a informa\u010dn\u00fdch materi\u00e1lov pre jednotlivcov, rodiny, odborn\u00edkov i verejnos\u0165&nbsp;<\/p>\n<h3 style=\"text-align: center;\"><strong>VZDEL\u00c1VANIE<\/strong><\/h3>\n<p>R\u00f4zne druhy programov, projektov, poradenstva, v\u00fdchovy, v\u00fduky a vzdel\u00e1vania, predn\u00e1\u0161kov\u00fa a osvetov\u00fa \u010dinnos\u0165 pre v\u0161etky vekov\u00e9 kateg\u00f3rie.<\/p>\n<h3 dir=\"ltr\" style=\"text-align: center;\"><strong>Na\u0161e hlavn\u00e9 aktivity a \u010dinnosti:<\/strong><\/h3>\n<ul>\n<li dir=\"ltr\">ochrana a zve\u013ea\u010fovanie \u017eivotn\u00e9ho prostredia v oblasti Pohronsk\u00e1 pahorkatina<\/li>\n<li dir=\"ltr\">podpora tvorby v\u00fdstavby n\u00e1u\u010dn\u00fdch, turistick\u00fdch a cykloturistick\u00fdch tr\u00e1s v oblasti Nitrianskeho kraja, Pohronskej pahorkatiny, Mikroregi\u00f3nu Term\u00e1l s odpo\u010d\u00edvadlami a odpadkov\u00fdmi ko\u0161mi&nbsp;<\/li>\n<li dir=\"ltr\">\u010dinnos\u0165 v oblasti prezent\u00e1cie dan\u00e9ho kraja, regi\u00f3nu, tvorbou m\u00e1p, turistick\u00fdch zna\u010diek, turistick\u00fdch informa\u010dn\u00fdch tab\u00fa\u013e&nbsp;<\/li>\n<li dir=\"ltr\">\u010dinnos\u0165 v oblasti prezent\u00e1cie dan\u00e9ho kraja, regi\u00f3nu organizovan\u00edm kult\u00farnych podujat\u00ed<\/li>\n<li dir=\"ltr\">propag\u00e1cia n\u00e1u\u010dn\u00fdch turistick\u00fdch chodn\u00edkov a zauj\u00edmavost\u00ed Nitrianskeho kraja, regi\u00f3nu Pohronskej pahorkatiny&nbsp;<\/li>\n<li dir=\"ltr\">vydavate\u013esk\u00e1 a osvetov\u00e1 \u010dinnos\u0165&nbsp;<\/li>\n<li dir=\"ltr\">podpora a prezent\u00e1cia p\u00f4vodnej slovenskej tvorby a tvorby n\u00e1rodnostn\u00fdch men\u0161\u00edn dan\u00e9ho kraja&nbsp;<\/li>\n<li dir=\"ltr\">vo\u013eno\u010dasov\u00e9 aktivity pre deti a dorast<\/li>\n<li dir=\"ltr\">z\u00e1chrana kult\u00farnych, historick\u00fdch a pr\u00edrodn\u00fdch pamiatok&nbsp;<\/li>\n<li dir=\"ltr\">prezent\u00e1cia kult\u00farneho dedi\u010dstva&nbsp;<\/li>\n<li dir=\"ltr\">propag\u00e1cia Nitrianskeho kraja, Pohronskej pahorkatiny a regi\u00f3nov Slovenska v SR a v zahrani\u010d\u00ed&nbsp;<\/li>\n<li dir=\"ltr\">organizovanie kult\u00farnych podujat\u00ed a podujat\u00ed zameran\u00fdch na vo\u013eno\u010dasov\u00e9 aktivity v\u0161etk\u00fdch vekov\u00fdch kateg\u00f3ri\u00ed<\/li>\n<li dir=\"ltr\">v\u00fdchovu a&nbsp;vzdel\u00e1vanie v\u0161etk\u00fdch vekov\u00fdch kateg\u00f3ri\u00ed<\/li>\n<li dir=\"ltr\">oblas\u0165 \u017eivotn\u00e9ho prostredia&nbsp;<\/li>\n<li dir=\"ltr\">ochrana \u017eivotn\u00e9ho prostredia&nbsp;<\/li>\n<li dir=\"ltr\">&nbsp;z\u00edskavanie pe\u0148a\u017en\u00fdch prostriedkov na \u010dinnos\u0165 zdru\u017eenia&nbsp;<\/li>\n<li dir=\"ltr\">zdru\u017eenie sa svojimi aktivitami zameriava predov\u0161etk\u00fdm na Nitriansky kraj, regi\u00f3n Pohronsk\u00e1 pahorkatina, Mikroregi\u00f3n Term\u00e1l &nbsp;s dopadom na cel\u00e9 Slovensko a in\u00e9 krajiny v r\u00e1mci Eur\u00f3pskej \u00fanie, ale aj mimo nej<\/li>\n<\/ul>\n<h2 style=\"text-align: center;\"><strong>Na\u0161e projekty<\/strong><\/h2>\n<h3 dir=\"ltr\" style=\"text-align: center;\"><strong>Projekt: \u0160un man (Po\u010d\u00favaj ma)<\/strong><\/h3>\n<p><span><img loading=\"lazy\" decoding=\"async\" alt=\"Projekt \u0160un man\" data-id=\"56\" width=\"800\" height=\"531\" title=\"\" src=\"https:\/\/www.ozet.sk\/wp-content\/uploads\/2020\/02\/projekt-sun-man-4.jpg\" style=\"\"><\/span><\/p>\n<p dir=\"ltr\"><span style=\"font-size: 20px;\">Z\u00e1merom projektu \u0160un man bola podpora det\u00ed a ml\u00e1de\u017ee r\u00f3mskej komunity, \u0161\u00edrenie, zachovanie a obozn\u00e1menie sa s r\u00f3mskou kult\u00farou prostredn\u00edctvom hudby, tanca a remesiel. Projekt mal prispie\u0165 k zn\u00ed\u017eeniu predsudkov vo\u010di R\u00f3mom zo strany majoritnej spolo\u010dnosti.<\/span><\/p>\n<p dir=\"ltr\"><span style=\"font-size: 20px;\"><\/span><\/p>\n<p dir=\"ltr\"><span style=\"font-size: 20px;\">T\u00e1to tematika v n\u00e1s rezonovala u\u017e dlh\u0161\u00ed \u010das. Prvotn\u00fdm impulzom bolo stretnutie s r\u00f3mskou ml\u00e1de\u017eou po\u010das pr\u00edpravy mojej diplomovej pr\u00e1ce <em>\u201eVo\u013eno\u010dasov\u00e9 aktivity ako n\u00e1stroj soci\u00e1lneho za\u010dlenenia det\u00ed z vyl\u00fa\u010den\u00fdch os\u00e1d\u201c<\/em> a v\u00fdkonu povolania. Uvedomili sme si, \u017ee vo\u013eno\u010dasov\u00e9 aktivity det\u00ed a ml\u00e1de\u017ee ovplyv\u0148uj\u00fa proces socializ\u00e1cie a v\u00fdvoja det\u00ed v soci\u00e1lne bytosti. Zmyslom je spolupodie\u013ea\u0165 sa na pr\u00edprave det\u00ed na plnohodnotn\u00e9 pre\u017eitie vlastn\u00e9ho \u017eivota a pom\u00f4c\u0165 im aby sa stali plnohodnotn\u00fdmi osobnos\u0165ami. Rozvin\u00fa\u0165 ich bytostn\u00e9 sily tak, aby v spolo\u010dnosti a teda najm\u00e4 v prospech spolo\u010dnosti naplnili zmysel svojho \u017eivota, potvrdili svoju existenciu tvoriv\u00fdmi \u010dinmi, prekon\u00e1vali svet a seba sam\u00fdch.<\/span><\/p>\n<p dir=\"ltr\"><span style=\"font-size: 20px;\"><\/span><\/p>\n<p dir=\"ltr\"><span style=\"font-size: 20px;\">Tvoriv\u00e1 aktivita je zdrojom prekon\u00e1vania seba sam\u00e9ho a hnac\u00edm strojom v\u00fdvoja s cie\u013eom rozvoja v\u0161estrannosti, zodpovednosti a tvorivosti. Hudba je st\u00e1le u R\u00f3mov \u017eivou z\u00e1le\u017eitos\u0165ou a je jedn\u00fdm z ich etnoidentifika\u010dn\u00fdch znakov. Hudbou sa dost\u00e1vame k ich srdciam. Ak pon\u00fakneme r\u00f3mskej ml\u00e1de\u017ei \u00fa\u010das\u0165 v z\u00e1ujmov\u00fdch kr\u00fa\u017ekoch (napr. hra na nejak\u00fd hudobn\u00fd n\u00e1stroj, spev, tanec, zalo\u017eenie hudobnej kapely), t\u00fdm s\u00fa\u010dasne rozv\u00edjame jeden z pozit\u00edvnych aspektov r\u00f3mskej identity.<\/span><\/p>\n<p dir=\"ltr\"><span style=\"font-size: 20px;\">Pri realiz\u00e1cii projektu bolo d\u00f4le\u017eit\u00e9 nielen zmyslupln\u00e9 vyplnenie vo\u013en\u00e9ho \u010dasu r\u00f3mskej ml\u00e1de\u017ee a prelomenie \u013eadov medzi majoritnou spolo\u010dnos\u0165ou a R\u00f3mami, ale aj podpora hrdosti mlad\u00fdch R\u00f3mov na svoju kult\u00faru. Vyvrcholen\u00edm realiz\u00e1cie projektu bolo vyst\u00fapenie r\u00f3mskej ml\u00e1de\u017ee pred obyvate\u013emi Semerova na Viano\u010dnom programe \u201e\u0160un man\u201c.<\/span><\/p>\n<p dir=\"ltr\"><span style=\"font-size: 20px;\"><\/span><\/p>\n<p dir=\"ltr\"><span style=\"font-size: 20px;\">Z\u00e1rove\u0148 sa vytvorilo propaga\u010dn\u00e9 video pre vzdel\u00e1vaciu \u010dinnos\u0165 \u010fal\u0161\u00edch skup\u00edn r\u00f3mskej ml\u00e1de\u017ee, pre komer\u010dn\u00e9 \u00fa\u010dely na soci\u00e1lnych sie\u0165ach a webovej str\u00e1nky \u0161koly.<\/span><\/p>\n<p dir=\"ltr\"><span style=\"font-size: 20px;\"><\/span><\/p>\n<p dir=\"ltr\"><span style=\"font-size: 20px;\">\u010eal\u0161\u00edm cie\u013eom projektu bola prezent\u00e1cia tradi\u010dn\u00e9ho r\u00f3mskeho remeseln\u00e9ho umenia \u2013 drot\u00e1rstva a&nbsp;cig\u00e1nskych tkan\u00edc, ktor\u00e9 sa vystavili po\u010das Viano\u010dn\u00e9ho programu a&nbsp;na Hand Made trhu d\u0148a 24.11.2019 v&nbsp;Nov\u00fdch Z\u00e1mkoch.<\/span><\/p>\n<p dir=\"ltr\"><span style=\"font-size: 20px;\"><\/span><\/p>\n<p dir=\"ltr\"><span style=\"font-size: 20px;\">Hlavnou projektovou aktivitou boli stretnutia r\u00f3mskej ml\u00e1de\u017ee prebiehaj\u00face v mesiacoch okt\u00f3ber, november a december 2019, v\u017edy jeden kr\u00e1t do t\u00fd\u017ed\u0148a na hodine tanca, na hodine spevu a hodine remeseln\u00fdch dielni\u010diek na <a href=\"https:\/\/zssemerovo.edupage.org\/\" style=\"outline: none;\" target=\"_blank\" rel=\"noopener noreferrer\">Z\u00e1kladnej \u0161kole Semerovo<\/a>.<\/span><\/p>\n<p dir=\"ltr\"><span style=\"font-size: 20px;\"><\/span><\/p>\n<p dir=\"ltr\"><span style=\"font-size: 20px;\">Projekt \u201e\u0160un man\u201c celkovo prispel k zvy\u0161ovaniu a budovaniu pozit\u00edvnych vz\u0165ahov vo\u010di n\u00e1rodom, n\u00e1rodnostn\u00fdm a etnick\u00fdm minorit\u00e1m v na\u0161om regi\u00f3ne. <\/span><\/p>\n<p dir=\"ltr\">\n<p><span><img loading=\"lazy\" decoding=\"async\" alt=\"Projekt \u0160un man\" data-id=\"55\" width=\"800\" height=\"531\" title=\"\" src=\"https:\/\/www.ozet.sk\/wp-content\/uploads\/2020\/02\/projekt-sun-man-3.jpg\" style=\"\"><\/span><span><img loading=\"lazy\" decoding=\"async\" alt=\"Projekt \u0160un man\" data-id=\"54\" width=\"800\" height=\"531\" title=\"\" src=\"https:\/\/www.ozet.sk\/wp-content\/uploads\/2020\/02\/projekt-sun-man-2.jpg\" style=\"\"><\/span><span><img loading=\"lazy\" decoding=\"async\" alt=\"Projekt \u0160un man\" data-id=\"53\" width=\"800\" height=\"531\" title=\"\" src=\"https:\/\/www.ozet.sk\/wp-content\/uploads\/2020\/02\/projekt-sun-man.jpg\" style=\"\"><\/span><\/p>\n<h3 dir=\"ltr\" style=\"text-align: center;\"><strong>Projekt: Rozpr\u00e1vkov\u00fd les na Po\u017eitav\u00ed<\/strong><\/h3>\n<p><span><img loading=\"lazy\" decoding=\"async\" alt=\"Projekt Rozpr\u00e1vkov\u00fd les\" data-id=\"50\" width=\"800\" height=\"531\" title=\"\" src=\"https:\/\/www.ozet.sk\/wp-content\/uploads\/2020\/02\/rozpravkovy-les-cistenie-2.jpg\" style=\"\"><\/span><\/p>\n<p dir=\"ltr\"><span style=\"font-size: 20px;\">Organiz\u00e1tor FONTIS \u2013 ob\u010dianske zdru\u017eenie v spolupr\u00e1ci s re\u0161taur\u00e1ciou Podh\u00e1j vo Ve\u013ek\u00fdch Lovciach d\u0148a 31. j\u00fala 2011 organizovalo putovanie Rozpr\u00e1vkov\u00fdm lesom, kde sa deti mohli dozvedie\u0165, \u010do nov\u00e9 sa vo svete bytost\u00ed rozpr\u00e1vok a povest\u00ed udialo.<\/span><\/p>\n<p dir=\"ltr\"><span style=\"font-size: 20px;\"><\/span><\/p>\n<p dir=\"ltr\"><span style=\"font-size: 20px;\">I\u0161lo o&nbsp;jedno z&nbsp;podujat\u00ed FONTISu ur\u010den\u00e9 predov\u0161etk\u00fdm pre deti, zameran\u00e9 na ich v\u00fdchovu v&nbsp;oblasti ochrany \u017eivotn\u00e9ho prostredia a uchovania kult\u00farneho dedi\u010dstva regi\u00f3nu Po\u017eitavie. <\/span><\/p>\n<p dir=\"ltr\">\n<p dir=\"ltr\"><span style=\"font-size: 20px;\">Na pr\u00edprav\u00e1ch a realiz\u00e1cii podujatia sme sa podie\u013eali aj my, ob\u010dianske zdru\u017eenie Enviro Thermae.&nbsp;&nbsp;<\/span><span style=\"font-size: 20px;\">Vybudovali a zve\u013eadili sme turistick\u00fd chodn\u00edk medzi obcami Podh\u00e1jska a Ve\u013ek\u00e9 Lovce v novoz\u00e1mockom okrese na ju\u017enom Slovensku.<\/span><\/p>\n<p dir=\"ltr\"><span style=\"font-size: 20px;\"><\/span><\/p>\n<p dir=\"ltr\"><span style=\"font-size: 20px;\">Les, ktor\u00fdm chodn\u00edk viedol, bol miestom realiz\u00e1cie podujatia Rozpr\u00e1vkov\u00fd les, kde po\u010das cel\u00e9ho d\u0148a boli na stanovi\u0161tiach pre deti pripraven\u00e9 s\u00fa\u0165a\u017ee, tvoriv\u00e9 a \u0161portov\u00e9 aktivity.<\/span><\/p>\n<p><span><img loading=\"lazy\" decoding=\"async\" alt=\"\u010carovn\u00fd les mapa chodn\u00edka\" data-id=\"226\" width=\"493\" height=\"700\" title=\"\" src=\"https:\/\/www.ozet.sk\/wp-content\/uploads\/2020\/02\/turisticky-chodnik-mapa.jpg\"><\/span><\/p>\n<p dir=\"ltr\"><span style=\"font-size: 20px;\"><\/span><\/p>\n<p dir=\"ltr\"><span style=\"font-size: 20px;\">Podujatiu Rozpr\u00e1vkov\u00fd les predch\u00e1dzalo stretnutie dobrovo\u013en\u00edkov, ktor\u00ed vy\u010distili \u201erozpr\u00e1vkov\u00fa\u201c trasu od odpadkov a upravili porast na chodn\u00edku, aby trasa Rozpr\u00e1vkov\u00e9ho lesa bola pr\u00edstupn\u00e1 n\u00e1v\u0161tevn\u00edkom.<\/span><\/p>\n<p dir=\"ltr\"><span style=\"font-size: 20px;\"><\/span><\/p>\n<p dir=\"ltr\"><span style=\"font-size: 20px;\">Podujatie Rozpr\u00e1vkov\u00fd les podporil Nada\u010dn\u00fd fond \u010cSOB Finan\u010dnej skupiny v Nad\u00e1cii Pontis.<\/span><\/p>\n<p dir=\"ltr\"><span style=\"font-size: 20px;\"><\/span><\/p>\n<p dir=\"ltr\"><span style=\"font-size: 20px;\"><strong>Nap\u00edsali o n\u00e1s:<\/strong><\/span><\/p>\n<ul>\n<li dir=\"ltr\"><span style=\"font-size: 20px;\"><a href=\"https:\/\/moravce.dnes24.sk\/putovanie-rozpravkovym-lesom-na-pozitavi-106458\" style=\"outline: none;\" target=\"_blank\" rel=\"noopener noreferrer\">Dnes 24 Moravce<\/a><\/span><\/li>\n<li dir=\"ltr\"><a href=\"https:\/\/mynitra.sme.sk\/c\/5993543\/na-ceste-rozpravkovym-lesom-sa-deti-stretnu-s-rozpravkovymi-bytostami.html\" style=\"outline: none;\" target=\"_blank\" rel=\"noopener noreferrer\"><span style=\"font-size: 20px;\">My Nitra<\/span><\/a><\/li>\n<\/ul>\n<p><span><img loading=\"lazy\" decoding=\"async\" alt=\"Projekt Rozpr\u00e1vkov\u00fd les\" data-id=\"49\" width=\"800\" height=\"531\" title=\"\" src=\"https:\/\/www.ozet.sk\/wp-content\/uploads\/2020\/02\/rozpravkovy-les-cistenie.jpg\" style=\"\"><\/span><span><img loading=\"lazy\" decoding=\"async\" alt=\"Projekt Rozpr\u00e1vkov\u00fd les\" data-id=\"52\" width=\"800\" height=\"531\" title=\"\" src=\"https:\/\/www.ozet.sk\/wp-content\/uploads\/2020\/02\/rozpravkovy-les-letak.jpg\" style=\"\"><\/span><span><img loading=\"lazy\" decoding=\"async\" alt=\"Projekt Rozpr\u00e1vkov\u00fd les\" data-id=\"51\" width=\"800\" height=\"531\" title=\"\" src=\"https:\/\/www.ozet.sk\/wp-content\/uploads\/2020\/02\/rozpravkovy-les-stastne-deti.jpg\" style=\"\"><\/span><\/p>\n<h2 style=\"text-align: center;\"><strong>Kontaktn\u00e9 \u00fadaje<\/strong><\/h2>\n<p><span><img loading=\"lazy\" decoding=\"async\" alt=\"Ob\u010dianske zdru\u017eenie ENVIRO THERMAE \" data-id=\"181\" width=\"500\" height=\"232\" title=\"\" src=\"https:\/\/www.ozet.sk\/wp-content\/uploads\/2020\/02\/ozet-logo.png\" style=\"\"><\/span><\/p>\n<p style=\"text-align: center;\">Ob\u010dianske zdru\u017eenie Enviro ThermaeVe\u013ek\u00e9 Lovce 251, 941 42 Ve\u013ek\u00e9 Lovce \u200bI\u010cO: 42204330<\/p>\n<p style=\"text-align: center;\"><strong>Email:<\/strong> info@ozet.sk<\/p>\n","protected":false},"excerpt":{"rendered":"<p>Cie\u013e a \u010dinnos\u0165 Pri nap\u013a\u0148an\u00ed cie\u013eov ob\u010dianskeho zdru\u017eenia ENVIRO THERMAE uskuto\u010d\u0148ujeme a podporujeme najm\u00e4 tieto aktivity:&nbsp; PORADENSTVO Zlep\u0161enie a rozv\u00edjanie informa\u010dno-poradensk\u00e9ho servisu. Nadv\u00e4zovanie a rozv\u00edjanie kontaktov s dom\u00e1cimi a zahrani\u010dn\u00fdmi organiz\u00e1ciami. PUBLIK\u00c1CIA Pripravovanie a vyd\u00e1vanie \u00fa\u010delov\u00fdch neziskov\u00fdch publik\u00e1ci\u00ed, bro\u017e\u00far, manu\u00e1lov a informa\u010dn\u00fdch materi\u00e1lov pre jednotlivcov, rodiny, odborn\u00edkov i verejnos\u0165&nbsp; VZDEL\u00c1VANIE R\u00f4zne druhy programov, projektov, poradenstva, [&hellip;]<\/p>\n","protected":false},"author":1,"featured_media":0,"parent":0,"menu_order":0,"comment_status":"closed","ping_status":"closed","template":"","meta":{"footnotes":""},"class_list":["post-6","page","type-page","status-publish","hentry"],"_links":{"self":[{"href":"https:\/\/www.ozet.sk\/index.php?rest_route=\/wp\/v2\/pages\/6","targetHints":{"allow":["GET"]}}],"collection":[{"href":"https:\/\/www.ozet.sk\/index.php?rest_route=\/wp\/v2\/pages"}],"about":[{"href":"https:\/\/www.ozet.sk\/index.php?rest_route=\/wp\/v2\/types\/page"}],"author":[{"embeddable":true,"href":"https:\/\/www.ozet.sk\/index.php?rest_route=\/wp\/v2\/users\/1"}],"replies":[{"embeddable":true,"href":"https:\/\/www.ozet.sk\/index.php?rest_route=%2Fwp%2Fv2%2Fcomments&post=6"}],"version-history":[{"count":215,"href":"https:\/\/www.ozet.sk\/index.php?rest_route=\/wp\/v2\/pages\/6\/revisions"}],"predecessor-version":[{"id":252,"href":"https:\/\/www.ozet.sk\/index.php?rest_route=\/wp\/v2\/pages\/6\/revisions\/252"}],"wp:attachment":[{"href":"https:\/\/www.ozet.sk\/index.php?rest_route=%2Fwp%2Fv2%2Fmedia&parent=6"}],"curies":[{"name":"wp","href":"https:\/\/api.w.org\/{rel}","templated":true}]}}